culate the remainder when (w/(-6))/(4/(-198)) is divided by j.
15
Let p(d) = -2*d + 19 + 21*d**3 - 14*d**2 + 18*d - 22*d**3. What is the remainder when 23 is divided by p(-15)?
3
Calculate the remainder when (-2706)/(-24) + 21/(-28) is divided by 13.
8
Calculate the remainder when 35 is divided by (-165)/(-9) - -2*(-3)/(-9).
16
Suppose -22 = -2*l - 18. Suppose -o - l = -2*w - 0*w, 2*w = -o + 18. Calculate the remainder when 62 is divided by o.
6
Let d(w) = 21*w**2 - 16*w + 3. Let a be d(3). Suppose 5*q + q = a. Let k = -20 - -89. What is the remainder when k is divided by q?
21
Calculate the remainder when (-14 + (-6 - -2))*-2 is divided by 13.
10
Let y(n) = 17*n**3 + 2*n**2 + 4*n + 2. Let b be y(-1). Let c(z) = z**2 + 14*z - 27. Calculate the remainder when 105 is divided by c(b).
9
Calculate the remainder when 109 is divided by (-2 - -8)/(-12)*(-6 + -100).
3
Let n(h) = 5*h**2 - 14*h - 34. What is the remainder when n(-2) is divided by 5?
4
Let q(n) = -n**3 + 7*n**2 + n + 14. Suppose 2*k + 3*k - 2*x = 22, -4*k - 5*x + 44 = 0. Let u(h) = 5*h - 6. Calculate the remainder when q(k) is divided by u(5).
18
What is the remainder when 60 is divided by (-2 - 0)*(-30)/20?
0
Let l = 4 - 21. Let d(w) = w**3 + 4*w**2 + w - 1. Let b be d(-3). Let j = b - l. Calculate the remainder when j is divided by 8.
6
Suppose -213 = -3*d - 0. Let z = d + -47. What is the remainder when 91 is divided by z?
19
Suppose 2*k + 738 = 2*x + 40, 4*x = 3*k + 1399. What is the remainder when x is divided by 17?
12
Let p be ((-4)/6)/((-8)/948). Let r = 149 - p. What is the remainder when r is divided by 6?
4
Let u(r) = r**2 + 10*r + 19. Let y be u(-8). Suppose 0 = 3*w - y*z - 60, z = -w + 3*w - 35. Calculate the remainder when 42 is divided by w.
12
Suppose -54*s = -58*s - 3*a + 62, -3*a + 45 = 3*s. Suppose 3*j - 2*j - 11 = 0. Calculate the remainder when s is divided by j.
6
Let y(n) = 4*n + 7. Calculate the remainder when 421 is divided by y(10).
45
Suppose 2*c = 3*d - 0 - 8, -2*c = -5*d + 20. Calculate the remainder when 177 is divided by d.
3
Let a(s) = -s**3 - 7*s**2 + 7*s + 9. Let n be a(-9). Suppose 3*j + j - n = 0. Calculate the remainder when j is divided by (-18)/(-2) + -1*2.
6
Let k = -100 + 122. Calculate the remainder when 146 is divided by k.
14
Suppose 5*a + 5*l = 20, -4*a - l = -2*a - 9. Suppose a*c - 7*c = -10. What is the remainder when 23 is divided by c?
3
Let c = 29 + 105. What is the remainder when c is divided by 27?
26
What is the remainder when (-132)/(-30)*(-5)/(-10)*20 is divided by 12?
8
Let k(l) = 6*l - 4. Let t be k(4). Calculate the remainder when 14 is divided by 4/(-10) + 208/t.
4
Let z(t) = -t**3 + 6*t**2 - 2*t + 3. Let k(x) = -x + 3. Let w be k(-2). What is the remainder when 53 is divided by z(w)?
17
Let f be 0 + 41 + 1*2. Let s = -30 + f. Calculate the remainder when 184/12*(-8)/((-48)/9) is divided by s.
10
Let w = -683 + 689. What is the remainder when 173 is divided by w?
5
Suppose -3*v + 5 = 11. Let g be 3 - (v + 1 - 2). Suppose -27 = -7*z + g*z. What is the remainder when z is divided by 7?
6
Suppose -m + 5*u + 78 = 0, -3*u - 2*u + 68 = m. Suppose -5*s + m = -757. Let f = -100 + s. Calculate the remainder when f is divided by 17.
15
Let u(m) = -9*m - 142. Calculate the remainder when 70 is divided by u(-21).
23
Let i = 132 + -127. Suppose -k + 8 = 4*h, 2*k - 2*h - i - 21 = 0. Calculate the remainder when 23 is divided by k.
11
Let v(u) = 13*u + 62. What is the remainder when 252 is divided by v(2)?
76
Let d be (15/(-2))/5*40/(-12). Suppose -6*w + d*w + 22 = 0. What is the remainder when 153 is divided by w?
21
Let c(i) = -2*i**3 - 8*i**2 + 4. Let k be c(-4). Suppose 4*h - 107 - 3 = -3*q, -60 = -2*q + k*h. Calculate the remainder when q is divided by 4.
2
Let v = 379 - 229. What is the remainder when v is divided by 38?
36
Suppose 18 = -3*k + 3, -5*k = -5*r + 105. Let s(a) = -a**3 - 18*a**2 + 241*a + 55. Calculate the remainder when s(-27) is divided by r.
13
Suppose 127 + 293 = -6*f. Let p = 7 - f. What is the remainder when p is divided by 10?
7
Suppose 152*p = 142*p + 920. What is the remainder when p is divided by 31?
30
Let x(y) = -y + 5 - 4 + 0 - 4. Let q be x(8). Let i = 17 + q. Calculate the remainder when i is divided by 3.
0
Let h be (-10)/2*1/(-1). What is the remainder when 199/4 - h/(-20) is divided by 52/(-2)*-3*8/48?
11
Suppose -2*y + 4*n = -180, -4*n + 3*n = 5*y - 461. What is the remainder when y is divided by 5?
2
Let d be (1 + 5)*(-34)/(-51). Suppose 6*r + 380 = 5*p + r, d*p + 2*r = 292. Calculate the remainder when p is divided by 38.
36
Suppose b - p = 500, 2*p = 2*b - 2*p - 994. Calculate the remainder when b is divided by 46.
43
Let i be ((-27)/(-2))/((-15)/100). Let z = 132 + i. What is the remainder when 124 is divided by z?
40
Let l = 1138 - 1089. Calculate the remainder when 158 is divided by l.
11
Let m be -3 + (-1)/((16/(-140))/4). Let k = m + -25. Calculate the remainder when 10 is divided by k.
3
Let j = 675 - 666. What is the remainder when 74 is divided by j?
2
Suppose 46*u - 944 = 114. Calculate the remainder when 136 is divided by u.
21
Let n = -163 + 170. Calculate the remainder when 59 is divided by n.
3
Suppose -2*t - t - 2*q = -64, -3*t = -5*q - 50. Suppose t*f = 22*f - 100. Calculate the remainder when 96 is divided by f.
46
Suppose 0 = 5*z - w - 2*w - 30, 0 = -4*z - 5*w + 61. Suppose -s = 3*s + 8. Calculate the remainder when z is divided by (-2 - -1)/(s/6).
0
Let q(b) = -18*b**2 + 5. Let t be q(-2). Let w = -47 - t. What is the remainder when 76 is divided by w?
16
Suppose -i - 191 = -676. Suppose 5*a + 15 = i. Calculate the remainder when a is divided by 16.
14
Let x = -639 + 825. What is the remainder when x is divided by 97?
89
Let z = 1884 - 1763. What is the remainder when z is divided by 50?
21
Suppose 0 = 3*b - 2*s - 55, 2 + 6 = -4*s. Let n = 37 + -18. Suppose 3*o + n = 109. What is the remainder when o is divided by b?
13
Suppose -5*k - 4*u = -22, -3*u + 1 = -8. Suppose k*z = 4*z - 222. What is the remainder when z is divided by 38?
35
Suppose t - 4*t + 69 = 0. Suppose -4*i = -o + 56, 3*i - 2*o + 57 = -5*o. Calculate the remainder when t is divided by 128/20 + 6/i.
5
Let x = -589 + 776. What is the remainder when x is divided by 21?
19
Let n be 7/14 - 241/2*-1. Suppose n - 681 = -5*i. Calculate the remainder when i is divided by 39.
34
Suppose 6*q + 0*q - 246 = 0. Suppose -s + 19 = f, 0 = -2*s + 2*f + 38 + 12. Suppose -s = -5*y + 4*y. Calculate the remainder when q is divided by y.
19
Let k = -90220 - -90232. Suppose 5*t - 4*b = 22, 0*b + 7 = -t - 3*b. Suppose 0*u = t*u - 84. What is the remainder when u is divided by k?
6
Suppose -4*p + 14 = 5*d, 0 + 2 = -4*p + 3*d. Let h be ((-1)/3)/(p/(-33)). Let a = h - 1. Calculate the remainder when 38 is divided by a.
8
Suppose 0 = -3*c - 83 - 103. Let s = 20 - c. Suppose 4*f = 4*q - 88, -3*f + 64 = 3*q - 4*f. Calculate the remainder when s is divided by q.
19
Let n(p) = -p**2 - 11*p - 1. Let s be n(-9). Let g = 43 - s. What is the remainder when g is divided by 10?
6
Let m(b) = b**2 + 95*b + 1150. Suppose -4*r = 5*s - 1 + 2, -4*r + 4 = 0. Calculate the remainder when m(-14) is divided by (1 - 0)/(s/(-6)).
4
Let t = 53 + -38. Suppose -32*y + 390 + 474 = 0. What is the remainder when y is divided by t?
12
Let m = 389 - 367. Calculate the remainder when 58 is divided by m.
14
Suppose -5*p + 5*c - 5 = 0, 6*c - c + 1 = -p. What is the remainder when -1*(0 - (-25)/(-1)) is divided by (14/(-28))/(p/26)?
12
Let z = 8 + 5. Let h = z - -7. Suppose -181*o = -30*o - 5738. What is the remainder when o is divided by h?
18
Let f = 38 - 35. Suppose 4*r = -f*r + 406. Calculate the remainder when r is divided by 32.
26
Let j = -153 + 169. What is the remainder when 28 is divided by j?
12
Let r(a) = -a**3 - a**2 + 67*a + 191. Calculate the remainder when 40 is divided by r(-3).
0
Suppose r - 301 = 10*j - 11*j, -5*r + 4*j = -1460. Calculate the remainder when r is divided by 60.
56
Let f(t) = 27*t + 2. Let c = 636 - 599. What is the remainder when f(4) is divided by c?
36
Let g(b) = b + 22. Let o be g(-22). Suppose o = 2*r + 2*r - 232. What is the remainder when r is divided by 10?
8
Let m = 69 + -52. Suppose 0 = q - 0*q. Suppose q = 2*g + r - 125, -g = 7*r - 2*